ctors of 30369?
3, 53, 191
List the prime factors of 4473.
3, 7, 71
What are the prime factors of 11714?
2, 5857
What are the prime factors of 69824?
2, 1091
List the prime factors of 378.
2, 3, 7
What are the prime factors of 2827?
11, 257
What are the prime factors of 14919?
3, 4973
List the prime factors of 3263.
13, 251
List the prime factors of 983.
983
What are the prime factors of 82993?
149, 557
What are the prime factors of 180?
2, 3, 5
What are the prime factors of 8809?
23, 383
List the prime factors of 23563.
23563
What are the prime factors of 2876?
2, 719
What are the prime factors of 8049?
3, 2683
List the prime factors of 75.
3, 5
What are the prime factors of 63840?
2, 3, 5, 7, 19
What are the prime factors of 3316?
2, 829
What are the prime factors of 7218?
2, 3, 401
List the prime factors of 16435.
5, 19, 173
List the prime factors of 3493.
7, 499
What are the prime factors of 2736?
2, 3, 19
List the prime factors of 4325.
5, 173
What are the prime factors of 6683?
41, 163
What are the prime factors of 1862?
2, 7, 19
What are the prime factors of 3878?
2, 7, 277
What are the prime factors of 11139?
3, 47, 79
What are the prime factors of 5515?
5, 1103
What are the prime factors of 61023?
3, 20341
What are the prime factors of 25972?
2, 43, 151
List the prime factors of 1078.
2, 7, 11
What are the prime factors of 3881?
3881
What are the prime factors of 3462?
2, 3, 577
What are the prime factors of 37555?
5, 7, 29, 37
What are the prime factors of 967?
967
What are the prime factors of 3654?
2, 3, 7, 29
What are the prime factors of 1086?
2, 3, 181
What are the prime factors of 5656?
2, 7, 101
What are the prime factors of 3243?
3, 23, 47
List the prime factors of 1285.
5, 257
What are the prime factors of 2010?
2, 3, 5, 67
List the prime factors of 18666.
2, 3, 17, 61
List the prime factors of 27633.
3, 61, 151
List the prime factors of 96025.
5, 23, 167
What are the prime factors of 1676?
2, 419
List the prime factors of 582.
2, 3, 97
List the prime factors of 3651.
3, 1217
What are the prime factors of 4470?
2, 3, 5, 149
List the prime factors of 5600.
2, 5, 7
List the prime factors of 2231.
23, 97
List the prime factors of 609.
3, 7, 29
What are the prime factors of 1879?
1879
List the prime factors of 18766.
2, 11, 853
What are the prime factors of 70495?
5, 23, 613
What are the prime factors of 38140?
2, 5, 1907
List the prime factors of 691.
691
List the prime factors of 1707.
3, 569
What are the prime factors of 10292?
2, 31, 83
What are the prime factors of 27867?
3, 7, 1327
List the prime factors of 56680.
2, 5, 13, 109
What are the prime factors of 18000?
2, 3, 5
What are the prime factors of 149662?
2, 74831
List the prime factors of 4147.
11, 13, 29
What are the prime factors of 2?
2
List the prime factors of 94184.
2, 61, 193
What are the prime factors of 19357?
13, 1489
What are the prime factors of 4169?
11, 379
List the prime factors of 28953.
3, 3217
What are the prime factors of 39773?
31, 1283
What are the prime factors of 28?
2, 7
List the prime factors of 4682.
2, 2341
What are the prime factors of 4074?
2, 3, 7, 97
List the prime factors of 5295.
3, 5, 353
What are the prime factors of 56108?
2, 13, 83
What are the prime factors of 7543?
19, 397
What are the prime factors of 6730?
2, 5, 673
What are the prime factors of 1167?
3, 389
What are the prime factors of 237?
3, 79
List the prime factors of 7625.
5, 61
List the prime factors of 878.
2, 439
What are the prime factors of 5258?
2, 11, 239
List the prime factors of 163101.
3, 54367
What are the prime factors of 4825?
5, 193
List the prime factors of 4355.
5, 13, 67
What are the prime factors of 835?
5, 167
List the prime factors of 37786.
2, 7, 2699
List the prime factors of 968.
2, 11
What are the prime factors of 16870?
2, 5, 7, 241
List the prime factors of 48372.
2, 3, 29, 139
What are the prime factors of 3393?
3, 13, 29
What are the prime factors of 1494?
2, 3, 83
What are the prime factors of 695?
5, 139
What are the prime factors of 5015?
5, 17, 59
What are the prime factors of 1095?
3, 5, 73
What are the prime factors of 10661?
7, 1523
What are the prime factors of 12851?
71, 181
List the prime factors of 926.
2, 463
What are the prime factors of 302?
2, 151
What are the prime factors of 40812?
2, 3, 19, 179
List the prime factors of 64580.
2, 5, 3229
List the prime factors of 195.
3, 5, 13
What are the prime factors of 926?
2, 463
What are the prime factors of 5705?
5, 7, 163
List the prime factors of 18413.
18413
What are the prime factors of 54116?
2, 83, 163
What are the prime factors of 1267?
7, 181
List the prime factors of 20289.
3, 6763
List the prime factors of 1553.
1553
What are the prime factors of 6211?
6211
What are the prime factors of 3724?
2, 7, 19
What are the prime factors of 630?
2, 3, 5, 7
List the prime factors of 12144.
2, 3, 11, 23
What are the prime factors of 174?
2, 3, 29
List the prime factors of 12322.
2, 61, 101
What are the prime factors of 3839?
11, 349
What are the prime factors of 2452?
2, 613
What are the prime factors of 5036?
2, 1259
List the prime factors of 17465.
5, 7, 499
What are the prime factors of 22281?
3, 7, 1061
List the prime factors of 1179.
3, 131
What are the prime factors of 115560?
2, 3, 5, 107
List the prime factors of 1613.
1613
What are the prime factors of 37821?
3, 7, 1801
List the prime factors of 13886.
2, 53, 131
List the prime factors of 69110.
2, 5, 6911
List the prime factors of 97423.
97423
What are the prime factors of 40866?
2, 3, 7, 139
What are the prime factors of 391?
17, 23
What are the prime factors of 2289?
3, 7, 109
List the prime factors of 3889.
3889
What are the prime factors of 1393?
7, 199
List the prime factors of 2104.
2, 263
What are the prime factors of 1177?
11, 107
What are the prime factors of 3733?
3733
List the prime factors of 19008.
2, 3, 11
What are the prime factors of 25401?
3, 8467
List the prime factors of 16979.
16979
What are the prime factors of 11504?
2, 719
List the prime factors of 95878.
2, 47939
List the prime factors of 20785.
5, 4157
What are the prime factors of 63571?
151, 421
What are the prime factors of 72243?
3, 23, 349
What are the prime factors of 4824?
2, 3, 67
List the prime factors of 9640.
2, 5, 241
List the prime factors of 11236.
2, 53
List the prime factors of 4763.
11, 433
List the prime factors of 1250.
2, 5
What are the prime factors of 8658?
2, 3, 13, 37
What are the prime factors of 122?
2, 61
What are the prime factors of 93315?
3, 5, 6221
List the prime factors of 38288.
2, 2393
List the prime factors of 35148.
2, 3, 29, 101
What are the prime factors of 2012?
2, 503
List the prime factors of 2292.
2, 3, 191
What are the prime factors of 15700?
2, 5, 157
List the prime factors of 1452.
2, 3, 11
What are the prime factors of 3908?
2, 977
List the prime factors of 1974.
2, 3, 7, 47
List the prime factors of 13885.
5, 2777
List the prime factors of 6640.
2, 5, 83
What are the prime factors of 1014?
2, 3, 13
What are the prime factors of 53930?
2, 5, 5393
List the prime factors of 18651.
3, 6217
List the prime factors of 31027.
19, 23, 71
List the prime factors of 29913.
3, 13, 59
What are the prime factors of 855?
3, 5, 19
List the prime factors of 70888.
2, 8861
What are the prime factors of 15869?
7, 2267
What are the prime factors of 5416?
2, 677
List the prime factors of 67622.
2, 33811
What are the prime factors of 937?
937
What are the prime factors of 21451?
19, 1129
List the prime factors of 7332.
2, 3, 13, 47
List the prime factors of 14900.
2, 5, 149
List the prime factors of 47985.
3, 5, 7, 457
List the prime factors of 223.
223
What are the prime factors of 185?
5, 37
List the prime factors of 588.
2, 3, 7
What are the prime factors of 197?
197
What are the prime factors of 3003?
3, 7, 11, 13
List the prime factors of 1381.
1381
What are the prime factors of 4017?
3, 13, 103
List the prime factors of 2478.
2, 3, 7, 59
What are the prime factors of 3872?
2, 11
What are the prime factors of 3508?
2, 877
List the prime factors of 20517.
3, 7, 977
What are the prime factors of 452?
2, 113
List the prime factors of 3776.
2, 59
What are the prime factors of 24805?
5, 11, 41
List the prime factors of 21526